{"id":15,"date":"2022-04-26T07:55:11","date_gmt":"2022-04-26T07:55:11","guid":{"rendered":"https:\/\/daugiathaibinhhung.com\/?page_id=15"},"modified":"2025-09-30T17:06:57","modified_gmt":"2025-09-30T10:06:57","slug":"gioi-thieu","status":"publish","type":"page","link":"https:\/\/daugiathaibinhhung.com\/?page_id=15","title":{"rendered":"Gi\u1edbi thi\u1ec7u"},"content":{"rendered":"<p>T\u00ean C\u00f4ng ty: C\u00d4NG TY \u0110\u1ea4U GI\u00c1 H\u1ee2P DANH TH\u00c1I B\u00ccNH H\u01afNG<br \/>\n\u0110\u1ecba ch\u1ec9 tr\u1ee5 s\u1edf: S\u1ed1 412\/21 Tr\u01b0\u01a1ng C\u00f4ng \u0110\u1ecbnh, ph\u01b0\u1eddng Tam Th\u1eafng, TP. H\u1ed3 Ch\u00ed Minh<br \/>\n\u0110\u1ecba ch\u1ec9 chi nh\u00e1nh: S\u1ed1 01 L\u00f4 R, L\u01b0\u01a1ng Th\u1ebf Vinh, P. Tam Th\u1eafng, TP. H\u1ed3 Ch\u00ed Minh<\/p>\n<p>\u0110i\u1ec7n tho\u1ea1i: 0254 3573968<br \/>\nFax: 0254 3573968<\/p>\n<p>S\u1ed1 t\u00e0i kho\u1ea3n: 76010000571126 t\u1ea1i ng\u00e2n h\u00e0ng TMCP \u0111\u1ea7u t\u01b0 v\u00e0 ph\u00e1t tri\u1ec3n Vi\u1ec7t Nam \u2013 Chi nh\u00e1nh BRVT.<\/p>\n<p>M\u00e3 s\u1ed1 thu\u1ebf: 3502250400<\/p>\n<p>\u0110\u1ea1i di\u1ec7n l\u00e0 \u00d4ng: Tr\u1ea7n L\u01b0\u1ee3ng<br \/>\nCh\u1ee9c v\u1ee5: Gi\u00e1m \u0110\u1ed1c<\/p>\n<p style=\"text-align: center;\"><strong>N\u0102NG L\u1ef0C V\u00c0 KINH NGHI\u1ec6M<\/strong><\/p>\n<p><strong>Qu\u00e1 tr\u00ecnh h\u00ecnh th\u00e0nh v\u00e0 ph\u00e1t tri\u1ec3n<\/strong><\/p>\n<p style=\"text-align: justify;\">C\u00f4ng ty \u0111\u1ea5u gi\u00e1 h\u1ee3p danh Th\u00e1i B\u00ecnh H\u01b0ng (Tr\u01b0\u1edbc \u0111\u00e2y l\u00e0 C\u00f4ng ty CP b\u00e1n \u0111\u1ea5u gi\u00e1 t\u00e0i s\u1ea3n Th\u00e1i B\u00ecnh H\u01b0ng) \u0111\u01b0\u1ee3c th\u00e0nh l\u1eadp v\u00e0 ho\u1ea1t \u0111\u1ed9ng li\u00ean t\u1ee5c t\u1eeb ng\u00e0y 08 th\u00e1ng 4 n\u0103m 2014 cho \u0111\u1ebfn nay.<\/p>\n<p style=\"text-align: justify;\">C\u0103n c\u1ee9 Lu\u1eadt \u0111\u1ea5u gi\u00e1 t\u00e0i s\u1ea3n s\u1ed1 01\/2016\/QH14 ng\u00e0y 17 th\u00e1ng 11 n\u0103m 2016, C\u00f4ng ty \u0111\u1ea5u gi\u00e1 h\u1ee3p danh Th\u00e1i B\u00ecnh H\u01b0ng \u0111\u01b0\u1ee3c S\u1edf T\u01b0 ph\u00e1p t\u1ec9nh B\u00e0 R\u1ecba \u2013 V\u0169ng T\u00e0u c\u1ea5p Gi\u1ea5y \u0111\u0103ng k\u00fd ho\u1ea1t \u0111\u1ed9ng doanh nghi\u1ec7p \u0111\u1ea5u gi\u00e1 t\u00e0i s\u1ea3n l\u1ea7n hai s\u1ed1: 08\/TP-\u0110KH\u0110 ng\u00e0y 02 th\u00e1ng 4 n\u0103m 2019.<\/p>\n<p style=\"text-align: justify;\">Sau 8 n\u0103m th\u00e0nh l\u1eadp v\u00e0 ho\u1ea1t \u0111\u1ed9ng C\u00f4ng ty kh\u00f4ng ng\u1eebng \u0111\u1ed5i m\u1edbi n\u00e2ng cao ch\u1ea5t l\u01b0\u1ee3ng c\u1ea3 v\u1ec1 con ng\u01b0\u1eddi v\u00e0 c\u01a1 s\u1edf v\u1eadt ch\u1ea5t nh\u1eb1m \u0111\u00e1p \u1ee9ng t\u1ed1t h\u01a1n quy\u1ec1n v\u00e0 l\u1ee3i \u00edch c\u1ee7a t\u1ed5 ch\u1ee9c, c\u00e1 nh\u00e2n tham gia ho\u1ea1t \u0111\u1ed9ng \u0111\u1ea5u gi\u00e1 t\u00e0i s\u1ea3n.<\/p>\n<p style=\"text-align: justify;\">V\u1edbi ph\u01b0\u01a1ng ch\u00e2m l\u1ea5y s\u1ef1 h\u00e0i l\u00f2ng, t\u00edn nhi\u1ec7m c\u1ee7a kh\u00e1ch h\u00e0ng l\u00e0m m\u1ee5c ti\u00eau ph\u1ea5n \u0111\u1ea5u, trong su\u1ed1t th\u1eddi gian qua C\u00f4ng ty \u0111\u00e3 ti\u1ebfp nh\u1eadn v\u00e0 t\u1ed5 ch\u1ee9c b\u00e1n \u0111\u1ea5u gi\u00e1 th\u00e0nh nhi\u1ec1u lo\u1ea1i t\u00e0i s\u1ea3n \u0111\u1ea1t k\u1ebft qu\u1ea3 cao v\u1edbi gi\u00e1 tr\u1ecb l\u1edbn, l\u00e0m t\u0103ng ngu\u1ed3n thu ng\u00e2n s\u00e1ch t\u1eeb vi\u1ec7c b\u00e1n t\u00e0i s\u1ea3n nh\u00e0 n\u01b0\u1edbc, \u0111\u00f3ng g\u00f3p t\u00edch c\u1ef1c trong vi\u1ec7c thi h\u00e0nh \u00e1n, trong vi\u1ec7c giao d\u1ecbch b\u1ea3o \u0111\u1ea3m, \u0111\u00e1p \u1ee9ng t\u1ed1t h\u01a1n nhu c\u1ea7u b\u00e1n \u0111\u1ea5u gi\u00e1 c\u1ee7a c\u00e1c t\u1ed5 ch\u1ee9c, c\u00e1 nh\u00e2n. \u0110\u1eb7c bi\u1ec7t C\u00f4ng ty \u0111\u00e3 ti\u1ebfp nh\u00e2n v\u00e0 t\u1ed5 ch\u1ee9c \u0111\u1ea5u gi\u00e1 th\u00e0nh \u0111\u1ea1t k\u1ebft qu\u1ea3 cao t\u00e0i s\u1ea3n nh\u00e0 n\u01b0\u1edbc theo quy \u0111\u1ecbnh c\u1ee7a ph\u00e1p lu\u1eadt v\u1ec1 qu\u1ea3n l\u00fd, s\u1eed d\u1ee5ng t\u00e0i s\u1ea3n c\u00f4ng, l\u00e0m t\u0103ng ngu\u1ed3n thu ng\u00e2n s\u00e1ch t\u1eeb vi\u1ec7c b\u00e1n t\u00e0i s\u1ea3n c\u00f4ng.<\/p>\n<p><strong>T\u1ed5 ch\u1ee9c b\u1ed9 m\u00e1y v\u00e0 kinh nghi\u1ec7m trong l\u0129nh v\u1ef1c \u0111\u1ea5u gi\u00e1 t\u00e0i s\u1ea3n<\/strong><\/p>\n<p style=\"text-align: justify;\">Hi\u1ec7n nay \u0111\u1ed9i ng\u0169 nh\u00e2n vi\u00ean c\u1ee7a C\u00f4ng ty \u0111\u1ea5u gi\u00e1 h\u1ee3p danh Th\u00e1i B\u00ecnh H\u01b0ng c\u00f3 06 nh\u00e2n s\u1ef1 trong \u0111\u00f3 \u0111\u1ea5u gi\u00e1 vi\u00ean \u0111\u1ed3ng th\u1eddi l\u00e0 Gi\u00e1m \u0111\u1ed1c C\u00f4ng ty (Kinh nghi\u1ec7n h\u00e0nh ngh\u1ec1 trong l\u0129nh v\u1ef1c \u0111\u1ea5u gi\u00e1 t\u00e0i s\u1ea3n c\u1ee7a \u0111\u1ea5u gi\u00e1 vi\u00ean \u0111\u1ebfn nay \u0111\u01b0\u1ee3c 08 n\u0103m).<\/p>\n<p>&#8211; 01 Gi\u00e1m \u0111\u1ed1c \u2013 \u0110\u1ea5u gi\u00e1 vi\u00ean<br \/>\n&#8211; 01 Ph\u00f3 Gi\u00e1m \u0111\u1ed1c \u2013 Chuy\u00ean vi\u00ean<br \/>\n&#8211; 02 Nghi\u1ec7p v\u1ee5 &#8211; Chuy\u00ean vi\u00ean<br \/>\n&#8211; 01 K\u1ebf to\u00e1n<br \/>\n&#8211; 01 Th\u1ee7 qu\u1ef9<\/p>\n<p style=\"text-align: justify;\">V\u1ec1 \u0111\u1ed9i ng\u0169 nh\u00e2n vi\u00ean c\u1ee7a C\u00f4ng ty \u0111\u01b0\u1ee3c \u0111\u00e0o tao b\u00e0i b\u1ea3n, chuy\u00ean nghi\u1ec7p, c\u00f3 kinh nghi\u1ec7m l\u00e2u n\u0103m trong l\u0129nh v\u1ef1c \u0111\u1ea5u gi\u00e1 t\u00e0i s\u1ea3n. b\u1ed9 m\u00e1y b\u1ed1 tr\u00ed m\u1ed9t c\u00e1ch khoa h\u1ecdc t\u1ea1o th\u00e0nh d\u00e2y chuy\u1ec1n t\u1eeb kh\u00e2u t\u01b0 v\u1ea5n, ti\u1ebfp nh\u1eadn, k\u00fd h\u1ee3p \u0111\u1ed3ng, t\u1ed5 ch\u1ee9c \u0111\u0103ng k\u00fd tham gia \u0111\u1ea5u gi\u00e1 t\u00e0i s\u1ea3n lu\u00f4n \u0111\u1ea1t k\u1ebft qu\u1ea3 cao \u0111\u1ea3m b\u1ea3o l\u1ee3i \u00edch c\u1ee7a t\u1ed5 ch\u1ee9c v\u00e0 c\u00e1 nh\u00e2n tham gia ho\u1ea1t \u0111\u1ed9ng \u0111\u1ea5u gi\u00e1 t\u00e0i s\u1ea3n.<\/p>\n<p><strong>C\u01a1 s\u1edf v\u1eadt ch\u1ea5t trang thi\u1ebft b\u1ecb ph\u1ee5c v\u1ee5 cho cu\u1ed9c \u0111\u1ea5u gi\u00e1<\/strong><\/p>\n<p style=\"text-align: justify;\">C\u00f4ng ty \u0111\u1ea5u gi\u00e1 h\u1ee3p danh Th\u00e1i B\u00ecnh H\u01b0ng c\u00f3 tr\u1ee5 s\u1edf ri\u00eang t\u1ea1i s\u1ed1: S\u1ed1 412\/21 Tr\u01b0\u01a1ng C\u00f4ng \u0110\u1ecbnh, ph\u01b0\u1eddng Tam Th\u1eafng, TP. H\u1ed3 Ch\u00ed Minh.<\/p>\n<p style=\"text-align: justify;\">Chi nh\u00e1nh C\u00f4ng ty t\u1ea1i s\u1ed1: 01 L\u00f4 R L\u01b0\u01a1ng Th\u1ebf Vinh, P. Tam Th\u1eafng, TP. H\u1ed3 Ch\u00ed Minh. C\u00f4ng ty trang b\u1ecb \u0111\u1ea7y \u0111\u1ee7 trang thi\u1ebft b\u1ecb \u0111\u1ea3m b\u1ea3o cho vi\u1ec7c t\u1ed5 ch\u1ee9c \u0111\u1ea5u gi\u00e1 t\u00e0i s\u1ea3n: m\u00e1y in, m\u00e1y ph\u00f4 t\u00f4 scan, m\u00e1y chi\u1ebfu, m\u00e1y \u1ea3nh, C\u00f4ng ty c\u00f3 H\u1ed9i tr\u01b0\u1edfng t\u1ed5 ch\u1ee9c cu\u1ed9c \u0111\u1ea5u gi\u00e1 t\u00e0i s\u1ea3n \u0111\u01b0\u1ee3c trang b\u1ecb \u0111\u1ea7y \u0111\u1ee7 thi\u1ebft b\u1ecb \u0111\u1ea3m b\u1ea3o v\u1ec1 \u00e1nh s\u00e1ng, \u00e2m thanh ph\u1ee5c v\u1ee5 t\u1ed1t cho vi\u1ec7c \u0111\u1ea5u gi\u00e1 t\u00e0i s\u1ea3n, camera gi\u00e1m s\u00e1t cu\u1ed9c \u0111\u1ea5u gi\u00e1.<\/p>\n<p style=\"text-align: justify;\">C\u00f4ng ty c\u00f3 k\u00fd H\u0110 d\u00e0i h\u1ea1n v\u1edbi Kh\u00e1ch s\u1ea1n C\u00f4ng \u0110o\u00e0n \u0111\u1ec3 thu\u00ea h\u1ed9i tr\u01b0\u1eddng t\u1ed5 ch\u1ee9c cu\u1ed9c \u0111\u1ea5u gi\u00e1 v\u1edbi s\u1ed1 l\u01b0\u1ee3ng l\u1edbn kh\u00e1ch h\u00e0ng tham gia \u0111\u1ea5u gi\u00e1.<\/p>\n<p style=\"text-align: justify;\">\u0110\u1ec3 t\u1ea1o \u0111i\u1ec1u ki\u1ec7n t\u1ed1t nh\u1ea5t cho nh\u00e2n vi\u00ean l\u00e0m vi\u1ec7c C\u00f4ng ty trang b\u1ecb cho m\u1ed7i nh\u00e2n vi\u00ean m\u1ed9t b\u1ed9 m\u00e1y vi t\u00ednh, b\u00e0n gh\u1ebf ri\u00eang ph\u1ee5c v\u1ee5 cho vi\u1ec7c t\u01b0 v\u1ea5n, ti\u1ebfp nh\u1eadn \u0111\u0103ng k\u00fd v\u00e0 t\u1ed5 ch\u1ee9c \u0111\u1ea5u gi\u00e1 t\u00e0i s\u1ea3n.<\/p>\n<p><strong>N\u0103ng l\u1ef1c kinh nghi\u1ec7m<\/strong><\/p>\n<p style=\"text-align: justify;\">C\u00f4ng ty \u0111\u1ea5u gi\u00e1 h\u1ee3p danh Th\u00e1i B\u00ecnh H\u01b0ng c\u00f3 \u0111\u1ed9i ng\u0169 nh\u00e2n vi\u00ean gi\u00e0u kinh nhi\u1ec7m l\u00e2u n\u0103m trong l\u0129nh v\u1ef1c kinh t\u1ebf; \u0111\u00e3 t\u1eebng tham gia trong l\u0129nh v\u1ef1c \u0111\u1ea5u gi\u00e1 t\u00e0i s\u1ea3n. T\u00ednh \u0111\u1ebfn nay c\u00f4ng ty \u0111\u00e3 c\u00f3 08 n\u0103m kinh nghi\u1ec7m chuy\u00ean v\u1ec1 l\u0129nh v\u1ef1c \u0111\u1ea5u gi\u00e1 t\u00e0i s\u1ea3n, C\u00f4ng ty \u0111\u1ea5u gi\u00e1 h\u1ee3p danh Th\u00e1i B\u00ecnh H\u01b0ng \u0111\u00e3 \u0111\u1ea5u gi\u00e1 th\u00e0nh nhi\u1ec1u lo\u1ea1i t\u00e0i s\u1ea3n \u0111\u1ea1t k\u1ebft qu\u1ea3 cao l\u00e0m t\u0103ng ngu\u1ed3n thu ng\u00e2n s\u00e1ch t\u1eeb vi\u1ec7c b\u00e1n t\u00e0i s\u1ea3n nh\u00e0 n\u01b0\u1edbc, \u0111\u00f3ng g\u00f3p t\u00edch c\u1ef1c trong vi\u1ec7c thi h\u00e0nh \u00e1n, giao d\u1ecbch b\u1ea3o \u0111\u1ea3m, \u0111\u00e1p \u1ee9ng t\u1ed1t c\u00e1c nhu c\u1ea7u \u0111\u1ea5u gi\u00e1 t\u00e0i s\u1ea3n c\u1ee7a c\u00e1c t\u1ed5 ch\u1ee9c.<br \/>\nC\u00f4ng ty \u0111\u00e3 k\u00fd k\u1ebft nhi\u1ec1u h\u1ee3p \u0111\u1ed3ng t\u00e0i s\u1ea3n c\u00f3 gi\u00e1 tr\u1ecb l\u1edbn v\u1edbi nhi\u1ec1u \u0111\u01a1n v\u1ecb kh\u00e1c nhau tr\u00ean \u0111\u1ecba b\u00e0n t\u1ec9nh B\u00e0 R\u1ecba \u2013 V\u0169ng T\u00e0u nh\u01b0: \u1ee6y ban nh\u00e2n d\u00e2n c\u00e1c huy\u1ec7n, C\u1ee5c Thi h\u00e0nh \u00e1n d\u00e2n s\u1ef1 t\u1ec9nh BRVT; Chi c\u1ee5c Thi h\u00e0nh \u00e1n d\u00e2n s\u1ef1 c\u00e1c huy\u1ec7n; S\u1edf X\u00e2y d\u1ef1ng t\u1ec9nh BRVT; Chi c\u1ee5c Qu\u1ea3n l\u00fd th\u1ecb tr\u01b0\u1eddng t\u1ec9nh BRVT; Tr\u01b0\u1eddng \u0110\u1ea1i h\u1ecdc H\u00e0ng h\u1ea3i Vi\u1ec7t Nam; S\u1edf T\u00e0i ch\u00ednh; Ph\u00f2ng T\u00e0i ch\u00ednh &#8211; K\u1ebf ho\u1ea1ch c\u00e1c huy\u1ec7n, Ph\u00f2ng Gi\u00e1o d\u1ee5c v\u00e0 \u0110\u00e0o t\u1ea1o c\u00e1c huy\u1ec7n, Trung t\u00e2m qu\u1ea3n l\u00fd v\u00e0 Ph\u00e1t tri\u1ec3n nh\u00e0 \u1edf t\u1ec9nh BRVT. Qu\u1ef9 \u0111\u1ea5t c\u1ee7a U\u1ef7 ban nh\u00e2n d\u00e2n huy\u1ec7n T\u00e2n Th\u00e0nh v\u00e0 Qu\u1ef9 \u0111\u1ea5t t\u1ec9nh B\u00e0 R\u1ecba &#8211; V\u0169ng T\u00e0u, c\u00e1c t\u1ed5 ch\u1ee9c t\u00edn d\u1ee5ng, Ng\u00e2n h\u00e0ng TMCP, C\u00f4ng an c\u00e1c huy\u1ec7n tr\u00ean \u0111\u1ecba b\u00e0n t\u1ec9nh B\u00e0 R\u1ecba \u2013 V\u0169ng T\u00e0u.<\/p>\n<p style=\"text-align: justify;\">C\u00f4ng ty lu\u00f4n \u0111\u01b0a ra nh\u1eefng ph\u01b0\u01a1ng \u00e1n \u0111\u1ea5u gi\u00e1 kh\u1ea3 thi v\u00e0 hi\u1ec7u qu\u1ea3, \u0111\u1ea1t k\u1ebft qu\u1ea3 cao cho m\u1ed7i t\u00e0i s\u1ea3n \u0111\u1ea5u gi\u00e1 l\u00e0m t\u0103ng ngu\u1ed3n thu ng\u00e2n s\u00e1ch t\u1eeb vi\u1ec7c b\u00e1n t\u00e0i s\u1ea3n nh\u00e0 n\u01b0\u1edbc, \u0111\u00f3ng g\u00f3p t\u00edch c\u1ef1c trong vi\u1ec7c giao d\u1ecbch b\u1ea3o \u0111\u1ea3m c\u1ee7a c\u00e1c t\u1ed5 ch\u1ee9c t\u00edn d\u1ee5ng.<\/p>\n<p style=\"text-align: justify;\">N\u0103m 2020 C\u00f4ng ty t\u1ed5 ch\u1ee9c b\u00e1n \u0111\u1ea5u gi\u00e1 th\u00e0nh 34 h\u1ee3p \u0111\u1ed3ng d\u1ecbch v\u1ee5 \u0111\u1ea5u gi\u00e1 t\u00e0i s\u1ea3n c\u00e1c lo\u1ea1i, c\u00f3 t\u1ed5ng gi\u00e1 kh\u1edfi \u0111i\u1ec3m l\u00e0: 81.253.330.476 \u0111\u1ed3ng. Gi\u00e1 b\u00e1n \u0111\u1ea5u gi\u00e1 th\u00e0nh: l78,365,523,912 \u0111\u1ed3ng, v\u01b0\u1ee3t so v\u1edbi gi\u00e1 \u0111i\u1ec3m l\u00e0 120%.<\/p>\n<p style=\"text-align: justify;\">T\u00ednh \u0111\u1ebfn th\u00e1ng 10 n\u0103m 2021 C\u00f4ng ty t\u1ed5 ch\u1ee9c b\u00e1n \u0111\u1ea5u gi\u00e1 th\u00e0nh 26 h\u1ee3p \u0111\u1ed3ng d\u1ecbch v\u1ee5 \u0111\u1ea5u gi\u00e1 t\u00e0i s\u1ea3n c\u00e1c lo\u1ea1i c\u00f3 t\u1ed5ng gi\u00e1 kh\u1edfi \u0111i\u1ec3m l\u00e0: 28.879.710.408 \u0111\u1ed3ng. Gi\u00e1 b\u00e1n \u0111\u1ea5u gi\u00e1 th\u00e0nh 30,217,221,452 \u0111\u1ed3ng, v\u01b0\u1ee3t so v\u1edbi gi\u00e1 \u0111i\u1ec3m l\u00e0 5%.<\/p>\n","protected":false},"excerpt":{"rendered":"<p>T\u00ean C\u00f4ng ty: C\u00d4NG TY \u0110\u1ea4U GI\u00c1 H\u1ee2P DANH TH\u00c1I B\u00ccNH H\u01afNG \u0110\u1ecba ch\u1ec9 tr\u1ee5 s\u1edf: S\u1ed1 412\/21 Tr\u01b0\u01a1ng C\u00f4ng \u0110\u1ecbnh, ph\u01b0\u1eddng Tam Th\u1eafng, TP. H\u1ed3 Ch\u00ed Minh \u0110\u1ecba ch\u1ec9 chi nh\u00e1nh: S\u1ed1 01 L\u00f4 R, L\u01b0\u01a1ng Th\u1ebf Vinh, P. Tam Th\u1eafng, TP. H\u1ed3 Ch\u00ed Minh \u0110i\u1ec7n tho\u1ea1i: 0254 3573968 Fax: 0254 3573968 S\u1ed1 t\u00e0ixem &rarr;<\/p>\n","protected":false},"author":2,"featured_media":0,"parent":0,"menu_order":0,"comment_status":"closed","ping_status":"closed","template":"","meta":{"footnotes":""},"class_list":["post-15","page","type-page","status-publish","hentry","no-thumb"],"_links":{"self":[{"href":"https:\/\/daugiathaibinhhung.com\/index.php?rest_route=\/wp\/v2\/pages\/15","targetHints":{"allow":["GET"]}}],"collection":[{"href":"https:\/\/daugiathaibinhhung.com\/index.php?rest_route=\/wp\/v2\/pages"}],"about":[{"href":"https:\/\/daugiathaibinhhung.com\/index.php?rest_route=\/wp\/v2\/types\/page"}],"author":[{"embeddable":true,"href":"https:\/\/daugiathaibinhhung.com\/index.php?rest_route=\/wp\/v2\/users\/2"}],"replies":[{"embeddable":true,"href":"https:\/\/daugiathaibinhhung.com\/index.php?rest_route=%2Fwp%2Fv2%2Fcomments&post=15"}],"version-history":[{"count":4,"href":"https:\/\/daugiathaibinhhung.com\/index.php?rest_route=\/wp\/v2\/pages\/15\/revisions"}],"predecessor-version":[{"id":2910,"href":"https:\/\/daugiathaibinhhung.com\/index.php?rest_route=\/wp\/v2\/pages\/15\/revisions\/2910"}],"wp:attachment":[{"href":"https:\/\/daugiathaibinhhung.com\/index.php?rest_route=%2Fwp%2Fv2%2Fmedia&parent=15"}],"curies":[{"name":"wp","href":"https:\/\/api.w.org\/{rel}","templated":true}]}}